*s**2 - 22*s - 51. Let j be g(-7). What is the remainder when ((-2)/(-3))/(2/21) is divided by ((-5)/(-2) - 0)/((-71)/j)?
2
Suppose -42*o = -165*o - 193*o + 6320. What is the remainder when 419 is divided by o?
19
Let c(n) = 3*n**3 - 7*n**2 + 18*n + 1. What is the remainder when c(3) is divided by 64?
9
Let k(n) = -187*n - 5450. Calculate the remainder when k(-31) is divided by 166.
15
Let j = 264 + -186. Suppose 2*c = -4*x + 100, 59*c = x + 62*c - 15. Calculate the remainder when j is divided by x.
24
Let n = -650 - -736. Calculate the remainder when n is divided by (4 - 4 - 1) + 23.
20
Let g(i) be the second derivative of 31*i**3/6 + 206*i**2 + 69*i. What is the remainder when 681 is divided by g(-13)?
6
Let g = -166 - -185. Suppose -23*r = -g*r - 80. What is the remainder when 74 is divided by r?
14
Suppose -5*g + 2844 = 3*n, -79*g - 2278 = -83*g - n. What is the remainder when g is divided by 25?
20
Suppose y - 3*f = 8, 0 = 4*f + 10 - 26. Let d = 24 - 22. What is the remainder when y is divided by 4/((-16)/(-52)) - d?
9
Let a(z) = 2*z**2 - 11*z + 23. Suppose 5*b = g + 45, 3*b + 0*g = g + 27. What is the remainder when a(b) is divided by 11?
9
Let l = 87 - -10. Calculate the remainder when l + ((-48)/12)/(4 + -2) is divided by 48.
47
Let b(h) = h**3 - 72*h**2 - 4*h + 298. Let c = -388 + 615. What is the remainder when c is divided by b(72)?
7
Let f(t) = -18 + 9*t - 3*t**2 - t + 4*t**2. What is the remainder when f(-14) is divided by (-2)/10 + (-172)/(-10)?
15
Let w be 3 + (-687)/(-9)*3 - -2. Suppose 70*j + w = 76*j. What is the remainder when 151 is divided by j?
34
Let j(c) = c**3 + 8*c**2 + 5*c + 8. Suppose 0 = 2*n - 0 + 14. Suppose 2*f = 3*s + 174, 0 = 2*s + 3 + 5. What is the remainder when f is divided by j(n)?
15
What is the remainder when (-182174)/(-316) + (-12)/8 is divided by (-3 - (1 - 3)) + 49?
47
Let c(t) = 450*t**2 - 58*t - 54. Calculate the remainder when c(-1) is divided by 12.
10
Suppose 0 = -w + 3*m + 26 + 20, 0 = -2*m + 2. Calculate the remainder when w is divided by 18.
13
Let f(x) = 3*x**2 + 115*x + 71. Calculate the remainder when 1350 is divided by f(-38).
30
Let r(j) = 2*j**2 + 7*j + 8. Let c be r(-4). Suppose -15*o = 2*t - 14*o - 308, -5*t - 2*o = -771. What is the remainder when t is divided by 18/(-4*c/(-32))?
11
Let q(d) = -4*d + 12. Let a(b) = -b. Let g = 12 + -13. Let u(t) = g*q(t) + 3*a(t). Calculate the remainder when 42 is divided by u(21).
6
Suppose 16*l + 5 - 133 = 0. Suppose 2 = -l*p + 7*p + 5*c, 5*p - 3*c = 78. Calculate the remainder when 268 is divided by p.
16
Let d(w) = 196*w - 9570. Calculate the remainder when 299 is divided by d(49).
27
Suppose -3*b + 85 + 5 = 0. What is the remainder when b is divided by 119/(-14)*18*(-11)/99?
13
Suppose l = 5*l - 168. Let y = -42 + l. Suppose 2*z + 3*z - 375 = y. What is the remainder when z is divided by 13?
10
Let k(m) = -m**2 - 9*m - 5. Let h be k(-8). Suppose 73 = h*a + j + 12, 0 = -3*a + j + 59. Let l = 2 + a. What is the remainder when 86 is divided by l?
20
Let p be -12 + 7 - (-3)/1. Let u be (4/6)/(p/(-3)). What is the remainder when 40 is divided by u/(((-3)/14)/(-3))?
12
What is the remainder when 1831 is divided by 123 + (-7 - (-15)/(-15))?
106
What is the remainder when (1239 - -56) + 30/(-2) is divided by 32?
0
Suppose -4721 = -5*q + z + 25240, z = 4*q - 23969. What is the remainder when q is divided by 9?
7
Suppose 11*o - 59 - 51 = 0. Let j = -12 - -22. Suppose 2*b - 76 = -2*c, 7*c - 2*c - j = 0. What is the remainder when b is divided by o?
6
Let w be ((-124)/(-16))/(4/16). Calculate the remainder when 434 is divided by ((-87)/(-6))/(w/62).
28
Suppose 4*m - 2*z - 115 = 77, -2*z - 8 = 0. Suppose -3 = 4*d + 2*x + 105, d + 21 = x. Let v = m + d. What is the remainder when 103 is divided by v?
19
Suppose 20338 + 1474 = 82*u. What is the remainder when u is divided by 23?
13
Let w(s) = -s**2 + 12*s - 25. Let k be w(9). Suppose 3*o - 44 = k*o. What is the remainder when 131 is divided by o?
43
Suppose 14*c - 306 - 1892 = 0. What is the remainder when 288 is divided by c?
131
Let b = 18 - 11. Suppose -1 = -u, -2*m + 6*m = -5*u + 85. What is the remainder when m is divided by b?
6
Let i(u) = -39*u + 76. Let a be i(2). What is the remainder when 189/(-27) + (184 - a) is divided by 24?
11
Suppose -2*r - k - 5 = 0, k = 2*r - 3 - 2. Suppose r*a - 152 = -2*a - 4*f, -f + 137 = 2*a. Let x = a + -56. What is the remainder when 17 is divided by x?
7
Suppose 3*i - 5 = -4*y, 11*i = 10*i - y + 3. Let s(l) = 5*l**2 + l + 5. Calculate the remainder when s(-6) is divided by 14*(i + (-30)/5).
11
Let j = 32 - 18. Suppose 0 = 263*d - 261*d - 6. Suppose -8*h - o = -d*h - 26, 5*o + j = -h. What is the remainder when 33 is divided by h?
3
Suppose -5*k + 2131 - 50 = -939. What is the remainder when k is divided by 157?
133
Suppose 2*b - 4*b - 129 = -u, -2*u - b + 273 = 0. Let c = 641 - 613. Calculate the remainder when u is divided by c.
23
Let b(l) = -4*l - 12. Let y be b(-4). Let k(o) = y - 26 - 8*o - 1 - 12. What is the remainder when 129 is divided by k(-6)?
12
Suppose -8*i = -58 + 18. Let a = 8 - i. Suppose -3*j = 2*r + a*r - 140, 5*j = 5*r - 100. Calculate the remainder when 172 is divided by r.
22
Suppose -4*q = -10 - 6. Suppose 3*s + 2*z = z + 9, -3*s - q*z = -9. Let r(m) = m**2 + 68*m + 203. Calculate the remainder when r(-3) is divided by s.
2
Suppose 0*s = 3*m - 4*s - 53, 4*m - s - 62 = 0. Let q(b) = -27*b - 1. Suppose -5*n - 10 = -5. What is the remainder when q(n) is divided by m?
11
Let v(t) = -17*t**2 + 4*t + 1. Let l be v(-3). Let d = 173 + l. Calculate the remainder when 62 is divided by d.
8
Suppose 2*d - 66 = -56, 2*y - 2*d = 0. What is the remainder when y is divided by 4?
1
Let b = 358 - 373. Calculate the remainder when (52/(-5))/(1 - (-17)/b) is divided by 20.
18
Suppose 0 = 114*m - 106*m - 360. What is the remainder when (-15)/(m/(-2))*21 is divided by 5?
4
Suppose -4*d = 5*p - 3*p - 38, -4*d + 2*p = -42. What is the remainder when 393 is divided by -1 + 21 + (-13)/(65/d)?
15
Let c(s) = 7*s - 32. Let t be c(5). Suppose 2*b = f - 10, t*f - b + 6*b = 85. What is the remainder when 75 is divided by f?
15
Suppose -10*z = -3*z - 4821 - 4055. Calculate the remainder when z is divided by 24.
20
Let m(g) = -g**3 + 19*g**2 + 19*g + 28. Let y be m(20). Suppose 203*h + y = 199*h. What is the remainder when 21 is divided by h + 13 - (-7 + 3)?
6
Suppose -4*p + 3*p + 12 = 0. Suppose -5*m + 343 = -p*m. Let s = 62 + m. Calculate the remainder when s is divided by 4.
1
Let i(l) = -l**3 + 3*l**2 + 2*l + 1. Let b be i(3). Let a(f) = -f**3 + 9*f**2 - 11*f + 7. Let n = 2407 + -2212. What is the remainder when n is divided by a(b)?
27
Let v(i) = 102*i**3 + i**2 - i - 1. Calculate the remainder when 603 is divided by v(1).
98
Suppose 5*w + 3*i - 679 = 3*w, 4*w - 1362 = -2*i. Calculate the remainder when w is divided by 118.
105
Let y(l) be the first derivative of -23*l**2 - 51*l + 99. What is the remainder when y(-3) is divided by 11?
10
Suppose -6*l - 1837 = -499. Let w = l + 258. What is the remainder when 104 is divided by w?
34
What is the remainder when 118 is divided by 95 - 75 - (3 - 1)?
10
Suppose 83 = -3*o + 428. Let a(v) = -2*v**2 + 42*v - 171. Calculate the remainder when o is divided by a(14).
15
Suppose 1015 = -578*h + 607*h. What is the remainder when 1328 is divided by h?
33
Suppose -16 = x - 5*g - 30, -5*g = 5. Let b(v) = -v**3 - 3*v**2 + 11*v + 7. What is the remainder when b(-6) is divided by x?
4
Suppose -3*f + 858 = -3*h, 4*f - 1137 - 61 = -5*h. Calculate the remainder when f is divided by 27.
22
Suppose -3*l = 5*a - 1117, -11*a = -14*a + 4*l + 676. Calculate the remainder when a is divided by 37/3 - (-4)/(-12).
8
Suppose t + 17 = 2*p + 1, p + 2*t = 3. Let k = -115421 + 115518. What is the remainder when k is divided by p?
6
Let g be (-6)/12*84/(-3). Suppose 3*b + 5*i = 2*i + 45, 2*b - 2*i = g. What is the remainder when b is divided by 3?
2
Let x = -42 - -135. Let v = -170 - -170. Suppose v = -4*i + 7*i - x. Calculate the remainder when 120 is divided by i.
27
Suppose 9 = r + 3*b, -4*b + 1 + 11 = 5*r. Suppose -5*x - 2*j + 503 = r, -2*x + 113 = -j - 81. Calculate the remainder when x is divided by 22.
11
What is the remainder when 332 is divided by 17